 = 0, 4*b - 2*b = -3*q - 20. Let y(d) = d**3 + d**2 + 3*d + 50. Let l be y(q). Let v(u) = u**2 + 10*u + 11. Give v(l).
11
Let s(w) = -217*w**2 + 11 - 29 - 8*w + 25 + 218*w**2. Let h = 1 + 7. Calculate s(h).
7
Let x(w) = -w**3 + 6*w**2 - 5*w + 3. Let v be x(5). Suppose v = 7*k - 25. Suppose -22*u + k = -21*u. Let c(b) = b**2 - 7*b + 6. Calculate c(u).
-6
Let c(n) = n - 47. Let d(q) = -13*q + 554. Let l(w) = -25*c(w) - 2*d(w). What is l(21)?
88
Let y = -8750 - -8744. Let s(b) be the first derivative of -1/4*b**4 - 2 - 2*b**3 - 6*b - 2*b**2. Calculate s(y).
18
Suppose -k - 1 = k + 3*w, -k + 16 = -4*w. Suppose -4*y + 4 = -5*o - 95, 3*o = -y + 12. Let n(r) = -1 - y*r**2 + 7*r + 31*r**2 - 11*r**2. What is n(k)?
11
Let g(s) = 49*s - 1. Let a(q) = 138*q + 14. Let h(u) = -a(u) + 3*g(u). What is h(-8)?
-89
Let n(l) = 3 - 49*l - 68*l - l**2 - 30 + 105*l. Give n(-5).
8
Let a(f) be the third derivative of -f**4/3 + 85*f**3/6 + 4*f**2 - 56*f. Give a(10).
5
Let l(z) = -z**3 + 2*z**2 + 17*z - 9. Let w(m) = 519*m + 2600. Let a be w(-5). Give l(a).
1
Let f be ((-24)/30)/(14/(-35)). Let x(t) = -37*t + 7 - 33*t + 62*t + t**f. What is x(5)?
-8
Let x(v) = 17*v - 2697 - 2762 - 39*v + v**3 - 3*v**2 + 5481. Determine x(6).
-2
Let x(s) = -s**2 - 10*s - 4. Let h(t) = -t**3 + 5*t**2 + 62*t + 37. Let i be h(11). Determine x(i).
17
Suppose 16*k - 5*k = -33*k + 308. Let b(r) = -10*r + 75. Give b(k).
5
Let u = 0 + 11. Let v(s) = s**2 - 18*s + 10. Let y(w) = 2*w**2 - 34*w + 19. Let f(h) = u*v(h) - 6*y(h). Let l(c) = 4*c**2 + c. Let j be l(-1). Give f(j).
5
Let s(g) be the first derivative of g**3/3 - 15*g**2/2 + 17*g + 34068. Let r(a) = -a**3 + 5*a**2 - 2*a + 6. Let v be r(4). Determine s(v).
3
Let p = -11718 + 11708. Let i(w) = -w**3 - w**2 + w - 1. Let f(j) = -6*j**3 - 15*j**2 + 6*j + 5. Let m(r) = -f(r) + 5*i(r). Calculate m(p).
0
Let b(d) be the second derivative of 2*d**3 - 16*d**2 + 8*d + 170. Give b(6).
40
Suppose 7*k - 5*k = 86. Suppose k = -22*v - 23. Let j(n) = 2 - 4*n + 4*n - n. Calculate j(v).
5
Let g(d) = 227*d - 1458. Let a(z) = 46*z - 293. Let x(o) = 11*a(o) - 2*g(o). Give x(6).
5
Let p(v) = 6*v + 1. Let m be 182/52*(1 + 1). Let f be 4/(-4)*m + 5. Let z(l) = 5*l. Let g(o) = f*p(o) + 3*z(o). Determine g(-6).
-20
Let n(f) be the first derivative of f**2 + 44*f - 789. Determine n(-21).
2
Let w(b) be the second derivative of 4*b**3/3 - 36*b**2 + b - 89. Let g be w(9). Let u(i) = i**2 - i + 35. Give u(g).
35
Let n(k) = -55 + 2*k**2 + 31 - 7*k**2 + 3 - 39*k. Calculate n(-7).
7
Suppose 37309 = 74*o + 37235. Let p(l) = -11*l**2 - l - 3*l - 2*l + 7*l. What is p(o)?
-10
Let i be -127*7/(-7) + 0. Let j(s) = -s**2 + 2 + 120*s - 242*s + i*s - 2. Let w = 6 - 0. Give j(w).
-6
Let k be 9*(-315)/(-9) + 8. Suppose 321*l = k*l + 8. Let g(h) = -h**3 - 3*h**2 + 2*h + 1. Calculate g(l).
9
Suppose -5*l = 4*h - 13, 3*l = h - 2*h + 12. Let y(p) be the third derivative of -p**4/24 - p**3 + 674*p**2. What is y(h)?
-3
Let c(g) = -2*g**2 - 15*g - 14. Let i = 9213 + -9221. Calculate c(i).
-22
Let f(l) = 3266 - 42*l - 1615 - 1616. Give f(1).
-7
Let b(c) = 1103*c**2 - 25*c - 11. Let h(k) = -389*k**2 + 9*k + 4. Let r(d) = 6*b(d) + 17*h(d). Let i be 6/4*(-4)/3. What is r(i)?
16
Let y(h) = -3 - 4*h + 8 + 3*h. Suppose -4*j + 62 = 3*g, 11*g + 3*j - 1 - 98 = 0. What is y(g)?
-1
Let r(u) = 4*u - 20. Let h(b) = -4*b + 3*b - 12 + 8*b - 17 - 10. Let m(f) = 3*h(f) - 5*r(f). Give m(0).
-17
Let v = -305 + 302. Let n(c) be the third derivative of 0 - 1/24*c**4 + c**2 + 0*c**3 + 0*c. What is n(v)?
3
Let o(v) be the first derivative of -2*v**3/3 + 7*v**2/2 - 6*v - 1671. Let y be (24/(-15))/((-2)/5). What is o(y)?
-10
Let u(y) = -y**2 - 4*y + 7. Suppose -5*h + 96 = -74. Let p = 1 - h. Let f = 28 + p. Determine u(f).
2
Let k(s) = 2*s + 2. Suppose 21*g - 144 = -3*g. Let h be (g/(-3) - -2)/(-4). Give k(h).
2
Suppose w + 6*r - 14 = 10*r, -r - 10 = 3*w. Suppose 5*l = 4*d + 12, d - 14 = -l - 2*l. Let b(m) = -l*m + 2*m - m - 4*m**2. What is b(w)?
-10
Let p(k) be the third derivative of 2/3*k**3 - 1/60*k**5 + 0*k + 0 - 50*k**2 - 1/12*k**4. What is p(-3)?
1
Let z be ((-2)/(-8))/((-6)/(-408)) + -3. Let j(w) = 18*w - 9. Let o(c) = 8*c - 4. Let x(t) = z*o(t) - 6*j(t). Calculate x(-6).
-26
Let q(t) = -4*t**2. Let l(h) = -2. Let f(b) = -b**2 + 13*b + 21. Let x(w) = -f(w) - 4*l(w). Let u be x(14). Give q(u).
-4
Let x(p) = -4*p - 20. Let u = 90 - 97. Let z be x(u). Let o(b) = -b**2 + 7*b + 7. What is o(z)?
-1
Let v(w) = 126*w + 1650. Let y be v(-13). Let a(i) = -i**3 + 12*i**2 + 14*i + 9. Determine a(y).
177
Suppose 4*i - 2*q + 50 = 0, 50 = -2*i - 68*q + 74*q. Let j(d) = -d + 16. Calculate j(i).
26
Let f(v) = v**2 - 3*v + 7. Let c be (-16)/((-64)/31) - 1/(-4). Suppose -27 = -u - c*u. Calculate f(u).
7
Let w(u) = 168985*u**2 - 169019*u**2 + 39 + 2*u**3 - 2*u + 0*u. What is w(17)?
5
Let b(c) = 21*c - 26. Let f(s) = -13*s + 18. Let o(x) = -5*b(x) - 8*f(x). Calculate o(-12).
-2
Let c(m) = 4*m**3 + 127*m**2 - 65*m + 34. Let q(j) = j**3 + 28*j**2 - 16*j + 9. Let r(b) = 2*c(b) - 9*q(b). Give r(5).
-18
Let u(w) = 2*w**2 + 2*w + 1. Let l = -133 + 136. Let q(c) = 170*c + 14 + 2*c**3 + 16*c**2 - 154*c - 3*c**l. Let t be q(17). Determine u(t).
13
Let m(l) be the third derivative of 1/24*l**4 - 13/6*l**3 + 37*l**2 + 0*l - 4. Let x be (4/(-6))/(2/(-30)). What is m(x)?
-3
Let u(q) = -2*q + 5*q + 7114 - 7011. Calculate u(-37).
-8
Let u(o) = 22*o**2 + 2*o - 33*o**3 - 19*o**2 - 13*o**2 + 0*o + 6 + 34*o**3. Determine u(9).
-57
Suppose -5*k = 5 - 15. Let o(m) be the second derivative of 7*m**3/6 + 6*m**2 + 67*m. Let x(q) = -q - 2. Let t(s) = -o(s) - 5*x(s). Determine t(k).
-6
Let i(t) = -t + 9. Suppose -m - 1 = -5*h, -h - 2 = -0*h + 2*m. Suppose 63*u - 9*u + 2*u = h. Calculate i(u).
9
Let m(t) be the third derivative of 27*t**2 + 0*t**4 + 1/120*t**6 + 5/6*t**3 + 0*t + 0 - 1/60*t**5. Determine m(0).
5
Suppose 14*t - 116 - 2362 = 0. Let a(q) = -93 + q**3 - 15*q + t + 14*q**2 - 2*q**3 - 86. Give a(13).
-28
Let v(m) = m**3 - 8*m**2 + 11*m - 6. Suppose -7*d - 2*o - 3*o = -10*d + 21, 0 = -2*o. Calculate v(d).
22
Let b = 342 + -348. Let f(y) = -16*y**2 + 2*y - 1. Let d(r) = -15*r**2 + 2*r - 1. Let t(v) = b*f(v) + 5*d(v). Determine t(1).
20
Let n(c) = 2*c**2 + c. Let z(w) = 7*w**2 - 4*w - 18. Let l(j) = 3*n(j) - z(j). What is l(8)?
10
Suppose 2*y + 4*m - 6 = -12, 0 = -4*y - 3*m + 8. Let s be ((-12)/(-16))/(y/20). Suppose s*v - 56 = -38. Let i(x) = -x**3 + 7*x**2 - 5*x + 6. What is i(v)?
12
Suppose -2*s = s - 2*v - 8, 2*s = 3*v + 7. Suppose 0 = -2*c - 2*j + s - 4, -c = -4*j + 16. Let n(p) = -p + 1. What is n(c)?
5
Let t(z) be the first derivative of z**3/3 + 3*z**2 + z - 8103. Give t(0).
1
Let i(m) = 2*m**2 + 11*m + 21. Suppose -37*v - 85*v - 784 = 74*v. Give i(v).
9
Suppose -4*q - p = -15, p = 2*q + 6*p + 15. Suppose -5*b = 5*f + 10, 0 = -q*b + 3*f + 1 + 5. Let j(u) = -3*u - 2*u - u**2 + u + b*u. Determine j(-2).
4
Let j(u) = -2*u - 7. Suppose 2*i + 9 = w, 0 = -14*i + 17*i - 4*w + 16. Determine j(i).
1
Suppose -3 = 5*n - 3*y - 17, -2*y = -2*n + 8. Suppose -l = n - 2. Let s(a) = 11*a - 37. Let w(t) = -4*t + 13. Let o(j) = 6*s(j) + 17*w(j). Calculate o(l).
-3
Let a(h) = -h**3 - 5*h**2 - 6*h - 5. Let u(p) = 2*p**3 - 5*p**2 - p - 9. Let l be u(3). Calculate a(l).
-5
Let f(a) = -a + 2. Let x = 99 + -110. Let u(h) = -13*h**2 + 5*h + 63. Let o(l) = -7*l**2 + 2*l + 32. Let d(q) = x*o(q) + 6*u(q). Let s be d(10). Calculate f(s).
-4
Let t(i) = i + 6. Let k(l) = -l**3 - 8*l**2 - 7*l - 5. Let v = 62 - 71. Let c = v + 2. Let x be k(c). Determine t(x).
1
Suppose a + a = -3*m + 5, 2*m - 5*a = -3. Let c(n) = n**3 + 11*n**2 + 11*n + 12. Let v be c(-10). Let b(p) = 27*p + 1 + 20*p - 49*p - 18*p**v. Give b(m).
-19
Let d be (38/(-12))/((-41 + 13)/(-168)). Let w(j) = j**2 + 22*j + 29. Determine w(d).
-28
Let z(u) = u**3 + 14*u**2 - 15*u + 35. Let g be (-944)/80 - 432/135. Determine z(g).
35
Let t = 680 + -691. Let y(l) = 4*l + 23. Give y(t).
-21
Let h(o) = -o + 23. Let s be 4/10 - ((-770)/(-50) + -8). Calculate h(s).
30
Let f(b) = 7*b**2 + 25*b + 56. Let m(y) = 17*y**2 + 55*y + 113. Let v(x) = 5*f(x) - 2*m(x). Give v(-7).
-2
Let p(u) = 53*u**3 - 103*u**2 + 493*u + 47. Let a(d) = 84*d**3 - 165*d**2 + 789*d + 75. Let m(s) = -12*a(s) + 19*p(s). Determine m(17).
10
Let d(